or of 6 and 333798?
6
What is the greatest common factor of 603456 and 960?
192
What is the highest common divisor of 164 and 445916?
164
What is the greatest common factor of 2828 and 34?
2
Calculate the greatest common divisor of 998387 and 2518.
1259
Calculate the highest common factor of 447120 and 4600.
920
What is the highest common divisor of 1809 and 17?
1
Calculate the highest common factor of 150 and 1381050.
150
Calculate the highest common factor of 22563 and 46.
23
Calculate the greatest common factor of 31678 and 2585.
47
Calculate the highest common factor of 25861 and 891.
11
What is the greatest common factor of 2394 and 1544814?
342
Calculate the greatest common divisor of 4 and 131798.
2
Calculate the highest common factor of 68 and 549916.
68
Calculate the greatest common factor of 810327 and 21.
21
What is the highest common divisor of 460 and 27324?
92
Calculate the greatest common divisor of 1435 and 120253.
287
Calculate the greatest common divisor of 3177 and 309.
3
Calculate the greatest common divisor of 6246 and 504.
18
Calculate the greatest common divisor of 15 and 1203.
3
Calculate the greatest common factor of 1937769 and 582.
291
Calculate the highest common divisor of 1789641 and 54.
27
What is the greatest common divisor of 1707 and 1296?
3
What is the highest common divisor of 1976781 and 138?
69
What is the highest common factor of 234127 and 514?
257
Calculate the greatest common divisor of 268492 and 5418.
602
What is the greatest common factor of 254850 and 750?
150
Calculate the highest common divisor of 22445 and 7035.
335
What is the highest common divisor of 4876 and 3956?
92
What is the highest common factor of 448 and 4844?
28
Calculate the highest common divisor of 57 and 189753.
57
Calculate the greatest common divisor of 3240 and 90.
90
What is the greatest common factor of 621 and 113850?
207
Calculate the greatest common divisor of 6049 and 23933.
263
Calculate the highest common factor of 3914 and 6386.
206
What is the greatest common factor of 272 and 39100?
68
Calculate the highest common factor of 888 and 9102.
222
What is the greatest common divisor of 54999 and 84196?
679
What is the highest common divisor of 27 and 202959?
27
Calculate the highest common divisor of 198 and 504702.
198
What is the greatest common factor of 213 and 891?
3
Calculate the highest common divisor of 2148 and 498.
6
What is the highest common factor of 21146 and 3?
1
Calculate the highest common factor of 60954 and 18.
6
Calculate the highest common factor of 22064 and 672.
112
What is the greatest common factor of 733360 and 160?
80
Calculate the greatest common factor of 2058 and 210.
42
What is the highest common factor of 35190 and 575?
115
Calculate the greatest common divisor of 60491 and 1255.
251
What is the highest common factor of 89796 and 63?
21
What is the greatest common factor of 30804 and 1836?
204
Calculate the highest common divisor of 2408401 and 2217.
739
What is the highest common divisor of 124 and 1070027?
31
What is the highest common divisor of 21877 and 2096?
131
What is the greatest common divisor of 1378080 and 1120?
160
Calculate the greatest common factor of 4423616 and 32.
32
Calculate the greatest common divisor of 53969 and 203.
29
Calculate the greatest common divisor of 6176 and 608.
32
What is the greatest common divisor of 8785188 and 36?
36
Calculate the highest common divisor of 1324 and 100955.
331
What is the highest common factor of 6786 and 65250?
522
What is the highest common factor of 84627 and 36?
9
What is the highest common factor of 52 and 355485?
13
Calculate the greatest common divisor of 296 and 1816.
8
What is the highest common factor of 34800 and 360?
120
What is the greatest common factor of 344 and 53836?
172
Calculate the highest common divisor of 4377566 and 2.
2
Calculate the highest common factor of 51 and 44234.
17
What is the highest common factor of 5 and 17135?
5
What is the greatest common divisor of 30 and 57770?
10
What is the greatest common factor of 3614619 and 3?
3
Calculate the highest common factor of 76 and 2364.
4
Calculate the greatest common divisor of 122808 and 1071.
357
Calculate the highest common divisor of 12 and 771732.
12
What is the greatest common divisor of 44 and 13574?
22
Calculate the highest common factor of 36598 and 87709.
631
What is the highest common divisor of 17840 and 130?
10
What is the highest common factor of 3212 and 1661?
11
Calculate the greatest common factor of 1026 and 2483433.
513
What is the highest common divisor of 3 and 165603?
3
Calculate the greatest common divisor of 74391 and 43155.
411
What is the greatest common factor of 42 and 159369?
21
Calculate the greatest common factor of 29136 and 336.
48
What is the greatest common divisor of 40 and 831280?
40
What is the highest common factor of 14640 and 135?
15
What is the greatest common factor of 1156 and 4?
4
Calculate the greatest common factor of 4494 and 777.
21
Calculate the greatest common factor of 63 and 1248660.
63
Calculate the highest common factor of 1484030 and 40.
10
Calculate the greatest common factor of 26250 and 10650.
150
What is the greatest common divisor of 62900 and 400?
100
What is the highest common divisor of 270 and 10478700?
270
What is the highest common divisor of 63581 and 2344?
293
Calculate the highest common factor of 124128 and 63.
9
What is the highest common divisor of 1154364 and 912?
228
What is the highest common factor of 3971 and 3135?
209
What is the highest common factor of 121 and 957?
11
What is the greatest common divisor of 954 and 13144?
106
What is the greatest common factor of 636 and 1002?
6
Calculate the greatest common divisor of 28 and 21308.
28
Calculate the greatest common divisor of 304 and 17974.
38
Calculate the highest common factor of 2000 and 13232.
16
What is the highest common divisor of 10344020 and 20?
20
What is the highest common factor of 2540 and 3460?
20
What is the greatest common factor of 202692 and 924?
84
What is the highest common factor of 3097250 and 26?
26
Calculate the highest common divisor of 719476 and 47.
47
What is the highest common factor of 13 and 13637?
13
Calculate the greatest common divisor of 93630 and 54.
6
What is the greatest common factor of 224 and 120752?
16
What is the greatest common factor of 75 and 8256?
3
What is the greatest common factor of 288 and 43020?
36
What is the greatest common divisor of 1283506 and 2058?
686
Calculate the highest common factor of 406 and 212058.
14
Calculate the greatest common divisor of 15 and 429900.
15
Calculate the highest common divisor of 43 and 129.
43
What is the highest common divisor of 5095 and 35?
5
Calculate the highest common factor of 316 and 59882.
158
Calculate the greatest common factor of 124 and 16.
4
Calculate the highest common factor of 650 and 123825.
325
What is the highest common factor of 287860 and 49792?
1556
Calculate the greatest common divisor of 80874 and 144.
18
What is the greatest common factor of 218 and 94939?
109
Calculate the greatest common factor of 292 and 6497.
73
Calculate the greatest common factor of 106604 and 928.
116
What is the highest common divisor of 16330 and 1320?
10
Calculate the greatest common factor of 362887 and 1645.
329
Calculate the greatest common divisor of 715 and 905850.
55
Calculate the greatest common divisor of 183 and 117303.
183
What is the greatest common factor of 450703 and 77?
11
What is the highest common divisor of 38392 and 20?
4
Calculate the highest common divisor of 144840 and 1710.
30
Calculate the highest common divisor of 2891939 and 167.
167
Calculate the highest common factor of 4114 and 11374.
242
Calculate the highest common factor of 2269866 and 2682.
894
Calculate the highest common divisor of 323 and 10727.
17
Calculate the greatest common divisor of 165 and 506565.
15
What is the greatest common factor of 298296 and 8?
8
Calculate the highest common divisor of 46 and 15571.
23
What is the greatest common divisor of 102725 and 525?
175
Calculate the greatest common factor of 594 and 77031.
27
Calculate the greatest common factor of 157531 and 22.
11
What is the highest common divisor of 164 and 2436?
4
What is the 